e prime factors of 879970.
2, 5, 7, 13, 967
What are the prime factors of 835441?
835441
List the prime factors of 14656595.
5, 2931319
What are the prime factors of 3043878?
2, 3, 507313
What are the prime factors of 596242?
2, 47, 6343
What are the prime factors of 1961136?
2, 3, 13619
List the prime factors of 19920832.
2, 107, 2909
List the prime factors of 19964311.
19964311
What are the prime factors of 5632050?
2, 3, 5, 37547
List the prime factors of 36654744.
2, 3, 7, 71, 439
List the prime factors of 17368320.
2, 3, 5, 4523
What are the prime factors of 358599?
3, 119533
List the prime factors of 3895432.
2, 486929
List the prime factors of 202482.
2, 3, 7, 1607
What are the prime factors of 2505586?
2, 383, 3271
List the prime factors of 91894.
2, 11, 4177
List the prime factors of 1202098.
2, 619, 971
What are the prime factors of 33925315?
5, 31, 218873
What are the prime factors of 9079218?
2, 3, 31, 53, 307
What are the prime factors of 1047380?
2, 5, 52369
List the prime factors of 1820958.
2, 3, 303493
What are the prime factors of 1194330?
2, 3, 5, 41, 971
What are the prime factors of 291235?
5, 7, 53, 157
List the prime factors of 122297.
7, 17471
What are the prime factors of 5896261?
7, 842323
What are the prime factors of 578686?
2, 289343
List the prime factors of 2272418.
2, 157, 7237
List the prime factors of 1669643.
41, 193, 211
What are the prime factors of 1062480?
2, 3, 5, 19, 233
List the prime factors of 1210551.
3, 139, 2903
What are the prime factors of 740595?
3, 5, 97, 509
What are the prime factors of 490668?
2, 3, 31, 1319
What are the prime factors of 317726?
2, 158863
List the prime factors of 62025.
3, 5, 827
List the prime factors of 9089982.
2, 3, 11, 5101
What are the prime factors of 390342?
2, 3, 67, 971
What are the prime factors of 3218257?
7, 167, 2753
List the prime factors of 432026.
2, 7, 30859
What are the prime factors of 125714?
2, 239, 263
List the prime factors of 225997.
29, 7793
What are the prime factors of 1347897?
3, 449299
List the prime factors of 2161516.
2, 7, 17, 19, 239
List the prime factors of 577388.
2, 7, 17, 1213
List the prime factors of 30031.
59, 509
List the prime factors of 1570956.
2, 3, 31, 41, 103
List the prime factors of 20372229.
3, 163, 1543
What are the prime factors of 1683889?
31, 54319
List the prime factors of 446202.
2, 3, 8263
What are the prime factors of 20638963?
31, 665773
What are the prime factors of 2508072?
2, 3, 7, 14929
List the prime factors of 480372.
2, 3, 40031
What are the prime factors of 228396?
2, 3, 7, 2719
What are the prime factors of 118360?
2, 5, 11, 269
What are the prime factors of 172088?
2, 7, 439
List the prime factors of 8682586.
2, 11, 563, 701
What are the prime factors of 6765073?
7, 966439
List the prime factors of 4082129.
1889, 2161
What are the prime factors of 497007?
3, 7, 23
List the prime factors of 4112901.
3, 13, 35153
List the prime factors of 18511009.
11, 947, 1777
What are the prime factors of 5756031?
3, 19, 41, 821
What are the prime factors of 186625?
5, 1493
What are the prime factors of 7430349?
3, 19, 61, 2137
List the prime factors of 14246720.
2, 5, 211
List the prime factors of 548970.
2, 3, 5, 29, 631
List the prime factors of 488429.
109, 4481
List the prime factors of 10778968.
2, 89, 15139
List the prime factors of 1653930.
2, 3, 5, 17, 23, 47
List the prime factors of 27829545.
3, 5, 1855303
List the prime factors of 289706.
2, 41, 3533
List the prime factors of 1159881.
3, 59, 6553
List the prime factors of 460473.
3, 13, 11807
What are the prime factors of 33276017?
2011, 16547
What are the prime factors of 16271522?
2, 953, 8537
What are the prime factors of 5650787?
5650787
What are the prime factors of 2454202?
2, 1227101
What are the prime factors of 210608?
2, 13163
What are the prime factors of 68233?
11, 6203
What are the prime factors of 620281?
29, 73, 293
What are the prime factors of 2070809?
13, 159293
What are the prime factors of 3351986?
2, 11, 152363
What are the prime factors of 15095996?
2, 3773999
What are the prime factors of 517577?
517577
What are the prime factors of 167693?
23, 317
What are the prime factors of 3111312?
2, 3, 53, 1223
What are the prime factors of 1124310?
2, 3, 5, 11, 3407
What are the prime factors of 5139156?
2, 3, 11, 38933
What are the prime factors of 1243123?
7, 177589
What are the prime factors of 299136?
2, 3, 19, 41
List the prime factors of 1562692.
2, 390673
What are the prime factors of 16293882?
2, 3, 11, 29, 8513
List the prime factors of 1862559.
3, 206951
What are the prime factors of 420853?
420853
List the prime factors of 143212.
2, 35803
List the prime factors of 3416362.
2, 1708181
List the prime factors of 328480.
2, 5, 2053
What are the prime factors of 919425?
3, 5, 13, 23, 41
List the prime factors of 1028204.
2, 19, 83, 163
List the prime factors of 1472877.
3, 7, 7793
List the prime factors of 288475.
5, 11, 1049
List the prime factors of 282119.
53, 5323
List the prime factors of 970196.
2, 59, 4111
List the prime factors of 29216.
2, 11, 83
List the prime factors of 8168929.
47, 173807
List the prime factors of 2601307.
277, 9391
What are the prime factors of 264596?
2, 29, 2281
What are the prime factors of 1258?
2, 17, 37
What are the prime factors of 765281?
11, 29, 2399
List the prime factors of 9539316.
2, 3, 88327
List the prime factors of 11446409.
13, 31, 28403
List the prime factors of 1754712.
2, 3, 24371
List the prime factors of 8564133.
3, 353, 8087
What are the prime factors of 1072626?
2, 3, 19, 97
What are the prime factors of 10063269?
3, 17, 53, 73
List the prime factors of 242767.
7, 79, 439
What are the prime factors of 3735078?
2, 3, 622513
What are the prime factors of 5992521?
3, 1997507
List the prime factors of 6902173.
349, 19777
What are the prime factors of 3238512?
2, 3, 19, 53, 67
What are the prime factors of 1315746?
2, 3, 67, 1091
List the prime factors of 14397969.
3, 4799323
What are the prime factors of 165015?
3, 5, 19, 193
What are the prime factors of 192201?
3, 64067
What are the prime factors of 311763?
3, 17, 6113
List the prime factors of 597148.
2, 149287
List the prime factors of 46170.
2, 3, 5, 19
What are the prime factors of 550987?
17, 32411
List the prime factors of 173098.
2, 23, 53, 71
What are the prime factors of 12667260?
2, 3, 5, 61, 3461
List the prime factors of 34905.
3, 5, 13, 179
What are the prime factors of 4616765?
5, 149, 6197
What are the prime factors of 9306092?
2, 37, 227, 277
List the prime factors of 398475.
3, 5, 7, 11, 23
List the prime factors of 1780896.
2, 3, 13, 1427
List the prime factors of 4914988.
2, 13, 31, 3049
List the prime factors of 423886.
2, 211943
List the prime factors of 55592.
2, 6949
What are the prime factors of 3966405?
3, 5, 269, 983
List the prime factors of 19704.
2, 3, 821
List the prime factors of 4279484.
2, 11, 19, 5119
What are the prime factors of 1900531?
1900531
What are the prime factors of 5224636?
2, 1306159
What are the prime factors of 12658299?
3, 41, 102913
What are the prime factors of 36178096?
2, 2261131
List the prime factors of 4473213.
3, 71, 21001
What are the prime factors of 8043285?
3, 5, 536219
What are the prime factors of 3764416?
2, 131, 449
What are the prime factors of 13861788?
2, 3, 1155149
List the prime factors of 4226541.
3, 11, 211, 607
List the prime factors of 86094.
2, 3, 4783
List the prime factors of 35979.
3, 67, 179
What are the prime factors of 543653?
11, 4493
List the prime factors of 4744414.
2, 19, 124853
What are the prime factors of 16769300?
2, 5, 23, 317
List the prime factors of 14511151.
14511151
List the prime factors of 221922.
2, 3, 12329
What are the prime factors of 13177040?
2, 5, 17, 9689
What are the prime factors of 14271321?
3, 41, 116027
What are the prime factors of 1166204?
2, 13, 41, 547
List the prime factors of 4589841.
3, 1529947
What are the prime factors of 28671907?
11, 601, 4337
What are the prime factors of 573423?
3, 191141
What are the prime factors of 126001?
126001
List the prime factors of 389072.
2, 24317
What are the prime factors of 6192813?
3, 11, 187661
What are the prime factors of 10049978?
2, 139, 36151
What are the prime factors o